 units digit of 9571595?
5
What is the hundred millions digit of 849011452?
8
What is the millions digit of 24464877?
4
What is the hundreds digit of 98817459?
4
What is the hundreds digit of 542771761?
7
What is the millions digit of 115213999?
5
What is the units digit of 18334924?
4
What is the units digit of 2913216?
6
What is the ten millions digit of 85976302?
8
What is the thousands digit of 245443836?
3
What is the ten millions digit of 346045024?
4
What is the thousands digit of 80057449?
7
What is the ten thousands digit of 1101822517?
2
What is the ten millions digit of 59842057?
5
What is the hundred thousands digit of 1436595002?
5
What is the units digit of 274209298?
8
What is the ten thousands digit of 75149750?
4
What is the units digit of 15791741?
1
What is the millions digit of 554807326?
4
What is the hundred thousands digit of 61919535?
9
What is the millions digit of 2365640664?
5
What is the millions digit of 103631336?
3
What is the units digit of 441817502?
2
What is the millions digit of 8806051?
8
What is the hundreds digit of 165293006?
0
What is the hundred thousands digit of 898158031?
1
What is the tens digit of 469022271?
7
What is the ten millions digit of 15245504?
1
What is the hundred thousands digit of 589954549?
9
What is the millions digit of 175431265?
5
What is the ten millions digit of 32240189?
3
What is the millions digit of 1811463839?
1
What is the hundred thousands digit of 513847261?
8
What is the hundred thousands digit of 26608303?
6
What is the hundred millions digit of 166082946?
1
What is the ten millions digit of 3653012776?
5
What is the units digit of 174851018?
8
What is the units digit of 1835676135?
5
What is the ten thousands digit of 363238361?
3
What is the hundreds digit of 8480178?
1
What is the units digit of 4925891?
1
What is the tens digit of 141926785?
8
What is the hundred thousands digit of 39047724?
0
What is the tens digit of 174720505?
0
What is the hundreds digit of 547532152?
1
What is the tens digit of 2018739522?
2
What is the hundreds digit of 9318590?
5
What is the tens digit of 5785461701?
0
What is the tens digit of 5286476273?
7
What is the ten thousands digit of 83152951?
5
What is the ten thousands digit of 1610047173?
4
What is the millions digit of 111878706?
1
What is the units digit of 1405251686?
6
What is the ten thousands digit of 15622418?
2
What is the hundreds digit of 87185876?
8
What is the hundred thousands digit of 63554676?
5
What is the thousands digit of 20056747?
6
What is the ten thousands digit of 9392401?
9
What is the millions digit of 684125538?
4
What is the hundred thousands digit of 1560213849?
2
What is the hundred thousands digit of 6446695575?
6
What is the hundred thousands digit of 4479123711?
1
What is the ten millions digit of 1214416834?
1
What is the units digit of 1522497448?
8
What is the tens digit of 35939991?
9
What is the units digit of 2175448597?
7
What is the hundred thousands digit of 93437870?
4
What is the ten millions digit of 933127865?
3
What is the ten millions digit of 1586293111?
8
What is the units digit of 193140843?
3
What is the hundreds digit of 384251138?
1
What is the ten thousands digit of 209627367?
2
What is the ten thousands digit of 906311876?
1
What is the tens digit of 207905547?
4
What is the hundred thousands digit of 1535659779?
6
What is the hundred thousands digit of 820003801?
0
What is the units digit of 50539832?
2
What is the hundred millions digit of 3101174943?
1
What is the thousands digit of 536616505?
6
What is the millions digit of 25244693?
5
What is the thousands digit of 150993674?
3
What is the thousands digit of 47372986?
2
What is the units digit of 65591236?
6
What is the ten thousands digit of 53420874?
2
What is the thousands digit of 325156948?
6
What is the tens digit of 9440303?
0
What is the thousands digit of 4400101602?
1
What is the hundreds digit of 1006813752?
7
What is the ten thousands digit of 7181155868?
5
What is the thousands digit of 16015419?
5
What is the units digit of 3846209449?
9
What is the ten thousands digit of 160846195?
4
What is the tens digit of 12777451?
5
What is the ten millions digit of 214926948?
1
What is the thousands digit of 35399840?
9
What is the hundreds digit of 45008465?
4
What is the millions digit of 32385827?
2
What is the hundred millions digit of 750472653?
7
What is the hundreds digit of 416806444?
4
What is the units digit of 71939333?
3
What is the hundreds digit of 147597726?
7
What is the hundreds digit of 246028183?
1
What is the ten millions digit of 44170358?
4
What is the units digit of 1699821476?
6
What is the hundreds digit of 2243152533?
5
What is the hundreds digit of 82482002?
0
What is the units digit of 255784151?
1
What is the hundred millions digit of 425243832?
4
What is the tens digit of 808462816?
1
What is the units digit of 342495080?
0
What is the ten thousands digit of 11219219?
1
What is the hundreds digit of 95414817?
8
What is the ten millions digit of 127681777?
2
What is the hundreds digit of 27167246?
2
What is the units digit of 3417956904?
4
What is the millions digit of 494655639?
4
What is the ten thousands digit of 12638351?
3
What is the billions digit of 5728265233?
5
What is the tens digit of 55486564?
6
What is the ten millions digit of 48466295?
4
What is the hundreds digit of 437365020?
0
What is the hundred thousands digit of 392043484?
0
What is the tens digit of 166329028?
2
What is the tens digit of 1969029488?
8
What is the ten millions digit of 728775488?
2
What is the billions digit of 1555894756?
1
What is the hundreds digit of 4251212230?
2
What is the hundreds digit of 1778736425?
4
What is the ten thousands digit of 502769?
0
What is the ten millions digit of 180012413?
8
What is the units digit of 71959392?
2
What is the hundreds digit of 66373818?
8
What is the units digit of 1707182499?
9
What is the ten thousands digit of 690413533?
1
What is the ten thousands digit of 55693878?
9
What is the units digit of 341234365?
5
What is the hundreds digit of 1138373567?
5
What is the ten thousands digit of 1040104741?
0
What is the ten thousands digit of 1920956444?
5
What is the millions digit of 31062407?
1
What is the millions digit of 272903812?
2
What is the units digit of 339931966?
6
What is the tens digit of 373516939?
3
What is the tens digit of 308338534?
3
What is the units digit of 118745995?
5
What is the units digit of 10297007?
7
What is the ten millions digit of 10304925?
1
What is the millions digit of 123544943?
3
What is the billions digit of 2781107658?
2
What is the millions digit of 291999729?
1
What is the ten thousands digit of 20795590?
9
What is the tens digit of 45498239?
3
What is the hundred thousands digit of 1683168946?
1
What is the units digit of 2589418?
8
What is the millions digit of 202503366?
2
What is the millions digit of 262028638?
2
What is the hundreds digit of 47191405?
4
What is the units digit of 301351200?
0
What is the units digit of 137629415?
5
What is the hundreds digit of 100402319?
3
What is the units digit of 505476863?
3
What is the ten thousands digit of 6107314?
0
What is the hundreds digit of 33608427?
4
What is the billions digit of 2657961821?
2
What is the hundreds digit of 10062623?
6
What is the thousands digit of 61616758?
6
What is the hundred thousands digit of 3045023607?
0
What is the thousands digit of 1203512445?
2
What is the ten thousands digit of 592796795?
9
What is the hundred thousands digit of 918933819?
9
What is the units digit of 498755357?
7
What is the ten thousands digit of 27242588?
4
What is the ten thousands digit of 448057982?
5
What is the billions digit of 6763172414?
6
What is the ten thousands digit of 3224511968?
1
What is the ten thousands digit of 165279142?
7
What is the units digit of 275557187?
7
What is the ten millions digit of 4428417526?
2
What is the ten thousands digit of 38384565?
8
What is the ten thousands digit of 176314656?
1
What is the tens digit of 105010424?
2
What is the ten thousands digit of 488832669?
3
What is the tens digit of 290746968?
6
What is the ten thousands digit of 138088177?
8
What is the tens digit of 44502285?
8
What is the ten thousands digi